{"id":399,"date":"2024-02-19T07:01:08","date_gmt":"2024-02-19T10:01:08","guid":{"rendered":"https:\/\/k01.com.br\/10k\/?page_id=399"},"modified":"2024-03-14T12:38:12","modified_gmt":"2024-03-14T15:38:12","slug":"inteligencia-artificial-criatividade","status":"publish","type":"page","link":"https:\/\/k01.com.br\/10k\/inteligencia-artificial-criatividade\/","title":{"rendered":"01. Intelig\u00eancia Artificial &#038; Criatividade"},"content":{"rendered":"<p>Tenho um prazer muito grande em apresentar a voc\u00ea o meu mais novo ebook: \u201cIntelig\u00eancia Artificial e Criatividade\u201d, escrito em coautoria com o Humberto Massareto<\/p><p>Esse livro \u00e9 sobre como a IA est\u00e1 redefinindo as fronteiras da Criatividade e impulsionando a nova\u00e7\u00e3o e os dilemas disso tudo.<\/p><p>Ele explora as nuances dessa rela\u00e7\u00e3o, mostrando como a IA n\u00e3o \u00e9 uma substituta, mas uma valiosa aliada para a produtividade e novas ideias que podem gerar inova\u00e7\u00e3o, que pode potencializar a criatividade humana, neste nosso mundo em constante mudan\u00e7a.<\/p><p>Esse ebook faz parte da pesquisa para a Live n\u00ba 1 do Canal Quantum Criativo Conex\u00f5es, quando o Humberto comentou aspectos interessantes sobre o tema.<\/p><p>Clique e veja a reprise da live no Youtube:&nbsp;<a href=\"https:\/\/www.youtube.com\/watch?v=y_WoEq_4MVY\">https:\/\/www.youtube.com\/watch?v=y_WoEq_4MVY<\/a><\/p><p>A proposta do Canal \u00e9 dedicar espa\u00e7o para discuss\u00e3o de temas corporativos da atualidade, sempre com um convidado especialista no assunto. Fique atento. Todo m\u00eas tem um tema e um ebook interessante e rico em dicas!<\/p><div class=\"wp-block-image\"><figure class=\"aligncenter size-full is-resized\"><img fetchpriority=\"high\" decoding=\"async\" width=\"1200\" height=\"1200\" src=\"https:\/\/k01.com.br\/10k\/wp-content\/uploads\/2024\/01\/ebook_QCC_01.png\" alt=\"\" class=\"wp-image-155\" style=\"width:392px;height:auto\" srcset=\"https:\/\/k01.com.br\/10k\/wp-content\/uploads\/2024\/01\/ebook_QCC_01.png 1200w, https:\/\/k01.com.br\/10k\/wp-content\/uploads\/2024\/01\/ebook_QCC_01-300x300.png 300w, https:\/\/k01.com.br\/10k\/wp-content\/uploads\/2024\/01\/ebook_QCC_01-100x100.png 100w, https:\/\/k01.com.br\/10k\/wp-content\/uploads\/2024\/01\/ebook_QCC_01-600x600.png 600w, https:\/\/k01.com.br\/10k\/wp-content\/uploads\/2024\/01\/ebook_QCC_01-1024x1024.png 1024w, https:\/\/k01.com.br\/10k\/wp-content\/uploads\/2024\/01\/ebook_QCC_01-150x150.png 150w, https:\/\/k01.com.br\/10k\/wp-content\/uploads\/2024\/01\/ebook_QCC_01-768x768.png 768w, https:\/\/k01.com.br\/10k\/wp-content\/uploads\/2024\/01\/ebook_QCC_01-70x70.png 70w\" sizes=\"(max-width: 1200px) 100vw, 1200px\" \/><\/figure><\/div><p><a href=\"https:\/\/k01.com.br\/10k\/produto\/inteligencia-artificial-e-criatividade-ebook\/\"><\/a><\/p><div class=\"wp-block-essential-blocks-button\"><div class=\"eb-parent-wrapper eb-parent-eb-button-8c1ol \"><div class=\"eb-button-wrapper eb-button-alignment eb-button-8c1ol\"><div class=\"eb-button\"><a class=\"eb-button-anchor\" href=\"https:\/\/k01.com.br\/10k\/produto\/inteligencia-artificial-e-criatividade-ebook\/\" rel=\"noopener\">EU QUERO ESTE EBOOK!<\/a><\/div><\/div><\/div><\/div><div class=\"wp-block-image\"><figure class=\"aligncenter\"><img decoding=\"async\" width=\"250\" height=\"65\" src=\"https:\/\/k01.com.br\/10k\/wp-content\/uploads\/2024\/01\/mercado-pago-logo_P.png\" alt=\"\" class=\"wp-image-251\"\/><\/figure><\/div><figure class=\"wp-block-embed aligncenter is-type-rich is-provider-incorporar-manipulador wp-block-embed-incorporar-manipulador wp-embed-aspect-16-9 wp-has-aspect-ratio\"><div class=\"wp-block-embed__wrapper\">\n<div class=\"jetpack-video-wrapper\"><iframe title=\"QCC 01   Intelig\u00eancia Artificial e Criatividade\" width=\"750\" height=\"422\" src=\"https:\/\/www.youtube.com\/embed\/1tn-8-Ix6To?feature=oembed\" frameborder=\"0\" allow=\"accelerometer; autoplay; clipboard-write; encrypted-media; gyroscope; picture-in-picture; web-share\" allowfullscreen><\/iframe><\/div>\n<\/div><\/figure><h3 class=\"wp-block-heading\"><strong>A Intelig\u00eancia Artificial, em todos os lugares<\/strong><\/h3><p>Neste ebook voc\u00ea descobrir\u00e1 cinco aplica\u00e7\u00f5es fundamentais da IA que transformam o campo criativo.<\/p><p>Aprender\u00e1 como a IA pode complementar a criatividade humana, lidando com tarefas repetitivas e an\u00e1lises complexas, e permitindo que os profissionais se concentrem em aspectos mais inovadores e estrat\u00e9gicos.<\/p><p>Entender\u00e1 como a IA pode ampliar a criatividade ao explorar possibilidades ocultas, fornecendo insights baseados em dados para estrat\u00e9gias de marketing, design de produtos e al\u00e9m.<\/p><div class=\"wp-block-image\"><figure class=\"aligncenter size-large is-resized\"><img decoding=\"async\" width=\"1024\" height=\"1024\" src=\"https:\/\/k01.com.br\/10k\/wp-content\/uploads\/2024\/01\/ebook_QCC_01-1024x1024.png\" alt=\"\" class=\"wp-image-155\" style=\"width:370px;height:auto\" srcset=\"https:\/\/k01.com.br\/10k\/wp-content\/uploads\/2024\/01\/ebook_QCC_01-1024x1024.png 1024w, https:\/\/k01.com.br\/10k\/wp-content\/uploads\/2024\/01\/ebook_QCC_01-300x300.png 300w, https:\/\/k01.com.br\/10k\/wp-content\/uploads\/2024\/01\/ebook_QCC_01-100x100.png 100w, https:\/\/k01.com.br\/10k\/wp-content\/uploads\/2024\/01\/ebook_QCC_01-600x600.png 600w, https:\/\/k01.com.br\/10k\/wp-content\/uploads\/2024\/01\/ebook_QCC_01-150x150.png 150w, https:\/\/k01.com.br\/10k\/wp-content\/uploads\/2024\/01\/ebook_QCC_01-768x768.png 768w, https:\/\/k01.com.br\/10k\/wp-content\/uploads\/2024\/01\/ebook_QCC_01-70x70.png 70w, https:\/\/k01.com.br\/10k\/wp-content\/uploads\/2024\/01\/ebook_QCC_01.png 1200w\" sizes=\"(max-width: 1024px) 100vw, 1024px\" \/><\/figure><\/div><h2 class=\"wp-block-heading has-text-align-center has-cyan-bluish-gray-color has-text-color has-link-color has-large-font-size wp-elements-849c4e13a3e8c84043814c348893f94e\"><strong>De: <del>R$ 70,00<\/del><\/strong><\/h2><h1 class=\"wp-block-heading has-text-align-center has-large-font-size\">Por&nbsp;R$ 53,00<\/h1><p><a href=\"https:\/\/k01.com.br\/10k\/produto\/inteligencia-artificial-e-criatividade-ebook\/\"><\/a><\/p><div class=\"wp-block-essential-blocks-button\"><div class=\"eb-parent-wrapper eb-parent-eb-button-yfnom \"><div class=\"eb-button-wrapper eb-button-alignment eb-button-yfnom\"><div class=\"eb-button\"><a class=\"eb-button-anchor\" href=\"https:\/\/k01.com.br\/10k\/produto\/inteligencia-artificial-e-criatividade-ebook\/\" rel=\"noopener\">EU QUERO ESTE EBOOK!<\/a><\/div><\/div><\/div><\/div><div class=\"wp-block-image\"><figure class=\"aligncenter\"><img decoding=\"async\" width=\"250\" height=\"65\" src=\"https:\/\/k01.com.br\/10k\/wp-content\/uploads\/2024\/01\/mercado-pago-logo_P.png\" alt=\"\" class=\"wp-image-251\"\/><\/figure><\/div><h2 class=\"wp-block-heading\">CONHE\u00c7A OS AUTORES:<\/h2><figure class=\"wp-block-image\"><img decoding=\"async\" src=\"https:\/\/k01.com.br\/10k\/wp-content\/uploads\/2024\/01\/Screenshot-2024-01-25-at-11.26.32.png\" alt=\"\"\/><\/figure><p><strong>MARIA APARECIDA DE ALMEIDA SANTOS<br><\/strong>Sparking Human Connection for Change<\/p><p>S\u00f3lida experi\u00eancia no desenvolvimento de compet\u00eancias humanas e no mapeamento, planejamento e execu\u00e7\u00e3o de treinamento e consultoria nas \u00e1reas de gest\u00e3o de conflitos, lideran\u00e7a, negocia\u00e7\u00e3o, planejamento de neg\u00f3cios e estrat\u00e9gia empresarial.<\/p><p>Contato:&nbsp;<br><a href=\"https:\/\/linkedin.com\/in\/mariaapasantos\" target=\"_blank\" rel=\"noreferrer noopener\">linkedin.com\/in\/mariaapasantos<\/a><br><a href=\"mailto:maria.aparecida@quantumcriativo.com.br\" target=\"_blank\" rel=\"noreferrer noopener\">maria.aparecida@quantumcriativo.com.br<\/a><\/p><figure class=\"wp-block-image\"><img decoding=\"async\" src=\"https:\/\/k01.com.br\/10k\/wp-content\/uploads\/2024\/01\/Screenshot-2024-01-25-at-11.26.22.png\" alt=\"\"\/><\/figure><p><strong>HUMBERTO MASSARETO<br><\/strong>Serial Thinker &amp; Problems Killer, Brain Hacker and Personal Creativity Sparker&nbsp;<\/p><p>Mestrado em Educa\u00e7\u00e3o e Internacional em Criatividade &amp; Inova\u00e7\u00e3o. MBA em Tecnologia da Educa\u00e7\u00e3o. P\u00f3s em Neuropsicopedagogia. Especializa\u00e7\u00e3o em Criatividade &amp;Inova\u00e7\u00e3o. Especializa\u00e7\u00e3o em PNL. Bacharelado em Comunica\u00e7\u00e3o Social. Consultor. Palestrante. Autor de 12 livros e 2 DVDs. Professor desde 1982.<\/p><p>Contato:&nbsp;<a href=\"https:\/\/linktr.ee\/massareto\" target=\"_blank\" rel=\"noreferrer noopener\">https:\/\/linktr.ee\/massareto<\/a><\/p><p><\/p>","protected":false},"excerpt":{"rendered":"<p>Tenho um prazer muito grande em apresentar a voc\u00ea o meu mais novo ebook: \u201cIntelig\u00eancia Artificial e Criatividade\u201d, escrito em coautoria com o Humberto Massareto Esse livro \u00e9 sobre como a IA est\u00e1 redefinindo as fronteiras da Criatividade e impulsionando a nova\u00e7\u00e3o e os dilemas &hellip; <\/p>\n","protected":false},"author":1,"featured_media":0,"parent":0,"menu_order":0,"comment_status":"closed","ping_status":"closed","template":"","meta":{"_joinchat":[],"footnotes":""},"class_list":["post-399","page","type-page","status-publish","hentry"],"jetpack_sharing_enabled":true,"_links":{"self":[{"href":"https:\/\/k01.com.br\/10k\/wp-json\/wp\/v2\/pages\/399","targetHints":{"allow":["GET"]}}],"collection":[{"href":"https:\/\/k01.com.br\/10k\/wp-json\/wp\/v2\/pages"}],"about":[{"href":"https:\/\/k01.com.br\/10k\/wp-json\/wp\/v2\/types\/page"}],"author":[{"embeddable":true,"href":"https:\/\/k01.com.br\/10k\/wp-json\/wp\/v2\/users\/1"}],"replies":[{"embeddable":true,"href":"https:\/\/k01.com.br\/10k\/wp-json\/wp\/v2\/comments?post=399"}],"version-history":[{"count":11,"href":"https:\/\/k01.com.br\/10k\/wp-json\/wp\/v2\/pages\/399\/revisions"}],"predecessor-version":[{"id":584,"href":"https:\/\/k01.com.br\/10k\/wp-json\/wp\/v2\/pages\/399\/revisions\/584"}],"wp:attachment":[{"href":"https:\/\/k01.com.br\/10k\/wp-json\/wp\/v2\/media?parent=399"}],"curies":[{"name":"wp","href":"https:\/\/api.w.org\/{rel}","templated":true}]}}