{"id":970,"date":"2024-04-16T23:56:27","date_gmt":"2024-04-17T02:56:27","guid":{"rendered":"https:\/\/k01.com.br\/10k\/?post_type=product&#038;p=970"},"modified":"2024-07-23T10:23:44","modified_gmt":"2024-07-23T13:23:44","slug":"lideranca-e-influencia-social-na-hiperconectividade-estrategias-essenciais","status":"publish","type":"product","link":"https:\/\/k01.com.br\/10k\/produto\/lideranca-e-influencia-social-na-hiperconectividade-estrategias-essenciais\/","title":{"rendered":"Cole\u00e7\u00e3o Quantum Criativo Conex\u00f5es n\u00ba 4: Lideran\u00e7a e Influ\u00eancia Social na Hiperconectividade: Estrat\u00e9gias Essenciais"},"content":{"rendered":"<p>Este livro apresenta tr\u00eas aspectos essenciais para o perfil do l\u00edder nos tempos atuais &#8211; lideran\u00e7a, influ\u00eancia social e hiperconectividade \u2013 e apresenta estrat\u00e9gias, ferramentas e dicas de como inspirar, mobilizar e engajar os liderados, como a pr\u00f3pria empresa, utilizando as novas tecnologias e se prepararem para as mudan\u00e7as do futuro do trabalho, que j\u00e1 est\u00e3o acontecendo!<\/p>\n<p>Enriquecido com exemplos positivos sobre a forma de liderar como, tamb\u00e9m, sobre o que n\u00e3o \u00e9 liderar, e com uma lista de ferramentas digitais existentes, este ebook busca criar referencias para que os l\u00edderes atuais avaliem sua performance, encontrem seus gaps e tenham sugest\u00f5es para se desenvolverem mais.<\/p>\n<p>Este conte\u00fado \u00e9 enriquecido com os insights presentes de uma live no canal Quantum Criativo Conex\u00f5es, com mais este ebook, pretendemos oferecer um plano de a\u00e7\u00e3o para que os l\u00edderes (experientes e novos) assumam o papel de conduzir suas equipes com mais assertividade nesses tempos de hiperconectividade!<\/p>\n<p>Link da live Quantum Criativo Conex\u00f5es &#8211;<br \/>\n<a href=\"https:\/\/www.youtube.com\/watch?v=u-hXakjNOGU\" target=\"_blank\" rel=\"noopener\">https:\/\/www.youtube.com\/watch?v=u-hXakjNOGU<\/a><\/p>\n","protected":false},"excerpt":{"rendered":"<p>Este livro apresenta tr\u00eas aspectos essenciais para o perfil do l\u00edder nos tempos atuais &#8211; lideran\u00e7a, influ\u00eancia social e hiperconectividade \u2013 e apresenta estrat\u00e9gias, ferramentas e dicas de como inspirar, mobilizar e engajar os liderados, como a pr\u00f3pria empresa, utilizando as novas tecnologias e se prepararem para as mudan\u00e7as do futuro do trabalho, que j\u00e1 est\u00e3o acontecendo!<\/p>\n<p>Link da live Quantum Criativo Conex\u00f5es &#8211;<br \/>\n<a href=\"https:\/\/www.youtube.com\/watch?v=u-hXakjNOGU\" target=\"_blank\" rel=\"noopener\">https:\/\/www.youtube.com\/watch?v=u-hXakjNOGU<\/a><\/p>\n","protected":false},"featured_media":972,"comment_status":"open","ping_status":"closed","template":"","meta":{"_joinchat":[]},"product_cat":[30,32,630,629],"product_tag":[],"class_list":{"0":"post-970","1":"product","2":"type-product","3":"status-publish","4":"has-post-thumbnail","6":"product_cat-criatividade","7":"product_cat-lideranca","8":"product_cat-hiperconectividade","9":"product_cat-influencia-social","11":"first","12":"instock","13":"sale","14":"downloadable","15":"virtual","16":"taxable","17":"purchasable","18":"product-type-simple"},"jetpack_sharing_enabled":true,"_links":{"self":[{"href":"https:\/\/k01.com.br\/10k\/wp-json\/wp\/v2\/product\/970","targetHints":{"allow":["GET"]}}],"collection":[{"href":"https:\/\/k01.com.br\/10k\/wp-json\/wp\/v2\/product"}],"about":[{"href":"https:\/\/k01.com.br\/10k\/wp-json\/wp\/v2\/types\/product"}],"replies":[{"embeddable":true,"href":"https:\/\/k01.com.br\/10k\/wp-json\/wp\/v2\/comments?post=970"}],"wp:featuredmedia":[{"embeddable":true,"href":"https:\/\/k01.com.br\/10k\/wp-json\/wp\/v2\/media\/972"}],"wp:attachment":[{"href":"https:\/\/k01.com.br\/10k\/wp-json\/wp\/v2\/media?parent=970"}],"wp:term":[{"taxonomy":"product_cat","embeddable":true,"href":"https:\/\/k01.com.br\/10k\/wp-json\/wp\/v2\/product_cat?post=970"},{"taxonomy":"product_tag","embeddable":true,"href":"https:\/\/k01.com.br\/10k\/wp-json\/wp\/v2\/product_tag?post=970"}],"curies":[{"name":"wp","href":"https:\/\/api.w.org\/{rel}","templated":true}]}}