{"id":114,"date":"2016-03-04T16:59:28","date_gmt":"2016-03-04T19:59:28","guid":{"rendered":"https:\/\/k01.com.br\/?page_id=114"},"modified":"2024-04-11T12:24:21","modified_gmt":"2024-04-11T15:24:21","slug":"k01","status":"publish","type":"page","link":"https:\/\/k01.com.br\/","title":{"rendered":"K01"},"content":{"rendered":"<p style=\"text-align: center\">Sempre nos perguntam: Porque o nome <strong>K01<\/strong>? E respondemos: porque gostamos de contar hist\u00f3rias e de fazer conex\u00f5es pouco prov\u00e1veis.<\/p>\n<p>Quando decidimos, Humberto &amp; Carla Massareto , juntar nossas especialidades em 2002 para oferecer servi\u00e7os de treinamento, de comunica\u00e7\u00e3o empresarial e de educa\u00e7\u00e3o a dist\u00e2ncia diferenciados,buscamos por um nome que representasse nosso olhar sobre o que j\u00e1 era estabelecido.<\/p>\n<p>No nosso <em>brainstorming<\/em> escolhemos K para Carla e 1 para Humberto. O zero foi para o espa\u00e7o entre os dois nomes.<\/p>\n<p>Pensando melhor, acredito\u00a0que\u00a0foi K de <em>Knowledge<\/em>, ou Conhecimento em ingl\u00eas, e 01, devido atuarmos fortemente no digital, no 0 e 1.<\/p>\n<p>\u00c9 muito prov\u00e1vel que pensamos em termos de tabela peri\u00f3dica, Pot\u00e1ssio, Oxig\u00eanio e Hidrog\u00eanio, elementos qu\u00edmicos presentes em tantos ambientes, e combinados na \u00e1gua dos mares, afinal, Navegar \u00e9 Preciso, no sentido da necessidade, assim como no da precis\u00e3o.<\/p>\n<p>Numerologicamente falando, a soma \u00e9 igual a 12, ou seja K=11 + 0 + 1. Total Simplificado: 3, o n\u00famero sagrado da Trindade, ou ent\u00e3o, \u00a011, um 11 puro da letra K, um dos n\u00fameros mestres, mas o dinamismo do 1, do L\u00edder.<\/p>\n<p>Finalmente, h\u00e1 quem leia r\u00e1pido e interprete\u00a0como <strong>KOI<\/strong>\u00a0(pron\u00fancia &#8220;C\u00f3i&#8221;), que em japon\u00eas significa <strong>AMOR<\/strong>.<\/p>\n<img fetchpriority=\"high\" decoding=\"async\" data-attachment-id=\"129\" data-permalink=\"https:\/\/k01.com.br\/index.php\/k01\/crtv_flow_02\/#main\" data-orig-file=\"https:\/\/k01.com.br\/wp-content\/uploads\/2016\/03\/crtv_flow_02.png\" data-orig-size=\"2716,1068\" data-comments-opened=\"1\" data-image-meta=\"{&quot;aperture&quot;:&quot;0&quot;,&quot;credit&quot;:&quot;&quot;,&quot;camera&quot;:&quot;&quot;,&quot;caption&quot;:&quot;&quot;,&quot;created_timestamp&quot;:&quot;0&quot;,&quot;copyright&quot;:&quot;&quot;,&quot;focal_length&quot;:&quot;0&quot;,&quot;iso&quot;:&quot;0&quot;,&quot;shutter_speed&quot;:&quot;0&quot;,&quot;title&quot;:&quot;&quot;,&quot;orientation&quot;:&quot;0&quot;}\" data-image-title=\"crtv_flow_02\" data-image-description=\"\" data-image-caption=\"\" data-large-file=\"https:\/\/k01.com.br\/wp-content\/uploads\/2016\/03\/crtv_flow_02-1024x403.png\" class=\"aligncenter wp-image-129\" src=\"http:\/\/k01.com.br\/wp-content\/uploads\/2016\/03\/crtv_flow_02-300x118.png\" alt=\"crtv_flow_02\" width=\"646\" height=\"265\" \/>\n<p>Como voc\u00ea pode ver, A <strong>K01<\/strong> \u00e9 isso tudo e um pouco mais, \u00e9 a Gest\u00e3o de Conhecimento, que valoriza o Capital Intelectual, o maior patrim\u00f4nio de uma Organiza\u00e7\u00e3o. E de fato, gostamos de contar hist\u00f3rias.<\/p>\n<p>Se eu fosse voc\u00ea, combinava todas as possibilidades ou criaria uma vers\u00e3o in\u00e9dita. Se a combina\u00e7\u00e3o ou o ineditismo forem surpreendentes, ele vem para essa p\u00e1gina que justifica o nome da <strong>K01<\/strong>, com o seu cr\u00e9dito.<\/p>\n<p>Voc\u00ea busca por Criatividade e Inova\u00e7\u00e3o? Quer implementar o processo de Desgin Thinking para atingir seus Objetivos? Quer Navegar com Precis\u00e3o? Quer promover o Conhecimento em sua Organiza\u00e7\u00e3o? Ou quer isso tudo junto? Perfeito, voc\u00ea j\u00e1 est\u00e1 no caminho certo, n\u00f3s somos a <strong>K01 Capital Intelectual.<\/strong><\/p>","protected":false},"excerpt":{"rendered":"<p>Sempre nos perguntam: Porque o nome K01? E respondemos: porque gostamos de contar hist\u00f3rias e de fazer conex\u00f5es pouco prov\u00e1veis. Quando decidimos, Humberto &amp; Carla Massareto , juntar nossas especialidades em 2002 para oferecer servi\u00e7os de treinamento, de comunica\u00e7\u00e3o empresarial e de educa\u00e7\u00e3o a dist\u00e2ncia diferenciados,buscamos por um nome que representasse nosso olhar sobre o<p class=\"more-link\"><a href=\"https:\/\/k01.com.br\/\" class=\"themebutton2\">READ MORE<\/a><\/p><\/p>","protected":false},"author":1,"featured_media":0,"parent":0,"menu_order":0,"comment_status":"closed","ping_status":"closed","template":"","meta":{"__cvm_playback_settings":[],"__cvm_video_id":"","jetpack_post_was_ever_published":false,"footnotes":""},"class_list":["post-114","page","type-page","status-publish","hentry"],"jetpack_sharing_enabled":true,"jetpack_shortlink":"https:\/\/wp.me\/P7fKy0-1Q","jetpack-related-posts":[],"jetpack_likes_enabled":false,"_links":{"self":[{"href":"https:\/\/k01.com.br\/index.php\/wp-json\/wp\/v2\/pages\/114","targetHints":{"allow":["GET"]}}],"collection":[{"href":"https:\/\/k01.com.br\/index.php\/wp-json\/wp\/v2\/pages"}],"about":[{"href":"https:\/\/k01.com.br\/index.php\/wp-json\/wp\/v2\/types\/page"}],"author":[{"embeddable":true,"href":"https:\/\/k01.com.br\/index.php\/wp-json\/wp\/v2\/users\/1"}],"replies":[{"embeddable":true,"href":"https:\/\/k01.com.br\/index.php\/wp-json\/wp\/v2\/comments?post=114"}],"version-history":[{"count":13,"href":"https:\/\/k01.com.br\/index.php\/wp-json\/wp\/v2\/pages\/114\/revisions"}],"predecessor-version":[{"id":138,"href":"https:\/\/k01.com.br\/index.php\/wp-json\/wp\/v2\/pages\/114\/revisions\/138"}],"wp:attachment":[{"href":"https:\/\/k01.com.br\/index.php\/wp-json\/wp\/v2\/media?parent=114"}],"curies":[{"name":"wp","href":"https:\/\/api.w.org\/{rel}","templated":true}]}}