{"id":2252,"date":"2017-12-18T09:28:20","date_gmt":"2017-12-18T12:28:20","guid":{"rendered":"https:\/\/k01.com.br\/?page_id=2252"},"modified":"2017-12-18T09:29:34","modified_gmt":"2017-12-18T12:29:34","slug":"organizacoes-exponenciais-news","status":"publish","type":"page","link":"https:\/\/k01.com.br\/index.php\/organizacoes-exponenciais-news\/","title":{"rendered":"Organiza\u00e7\u00f5es Exponenciais"},"content":{"rendered":"<h2><strong>Veja aqui as \u00faltimas not\u00edcias sobre Organiza\u00e7\u00f5es Exponenciais<\/strong><\/h2>\n<h4>[wp-rss-aggregator source=&#8221;2182,1965&#8243;]<\/h4>\n<p><a href=\"https:\/\/k01.com.br\/index.php\/posts\/\"><strong>Voltar<\/strong><\/a><\/p>","protected":false},"excerpt":{"rendered":"<p>Veja aqui as \u00faltimas not\u00edcias sobre Organiza\u00e7\u00f5es Exponenciais [wp-rss-aggregator source=&#8221;2182,1965&#8243;] Voltar<\/p>","protected":false},"author":1,"featured_media":0,"parent":0,"menu_order":0,"comment_status":"closed","ping_status":"closed","template":"","meta":{"__cvm_playback_settings":[],"__cvm_video_id":"","jetpack_post_was_ever_published":false,"footnotes":""},"class_list":["post-2252","page","type-page","status-publish","hentry"],"jetpack_sharing_enabled":true,"jetpack_shortlink":"https:\/\/wp.me\/P7fKy0-Ak","jetpack-related-posts":[],"jetpack_likes_enabled":false,"_links":{"self":[{"href":"https:\/\/k01.com.br\/index.php\/wp-json\/wp\/v2\/pages\/2252","targetHints":{"allow":["GET"]}}],"collection":[{"href":"https:\/\/k01.com.br\/index.php\/wp-json\/wp\/v2\/pages"}],"about":[{"href":"https:\/\/k01.com.br\/index.php\/wp-json\/wp\/v2\/types\/page"}],"author":[{"embeddable":true,"href":"https:\/\/k01.com.br\/index.php\/wp-json\/wp\/v2\/users\/1"}],"replies":[{"embeddable":true,"href":"https:\/\/k01.com.br\/index.php\/wp-json\/wp\/v2\/comments?post=2252"}],"version-history":[{"count":1,"href":"https:\/\/k01.com.br\/index.php\/wp-json\/wp\/v2\/pages\/2252\/revisions"}],"predecessor-version":[{"id":2253,"href":"https:\/\/k01.com.br\/index.php\/wp-json\/wp\/v2\/pages\/2252\/revisions\/2253"}],"wp:attachment":[{"href":"https:\/\/k01.com.br\/index.php\/wp-json\/wp\/v2\/media?parent=2252"}],"curies":[{"name":"wp","href":"https:\/\/api.w.org\/{rel}","templated":true}]}}