{"id":90328,"date":"2018-12-31T14:54:32","date_gmt":"2018-12-31T17:54:32","guid":{"rendered":"https:\/\/k01.com.br\/?page_id=90328"},"modified":"2019-01-01T13:10:49","modified_gmt":"2019-01-01T16:10:49","slug":"hm-fb-2018","status":"publish","type":"page","link":"https:\/\/k01.com.br\/index.php\/hm-fb-2018\/","title":{"rendered":"Humberto Massareto: FaceBook 2018 &#8211; Aforismos de um Desaforado"},"content":{"rendered":"<h3 class=\"wp-block-heading\" style=\"text-align:center\"><a rel=\"noreferrer noopener\" aria-label=\"Clique aqui e cadastre-se para receber o ebook em seu email. (opens in a new tab)\" href=\"http:\/\/eepurl.com\/gcNOe5\" target=\"_blank\">Clique aqui e cadastre-se <\/a><br><a rel=\"noreferrer noopener\" aria-label=\"Clique aqui e cadastre-se para receber o ebook em seu email. (opens in a new tab)\" href=\"http:\/\/eepurl.com\/gcNOe5\" target=\"_blank\">para receber o ebook em seu email<\/a><br>Mais de 450 p\u00e1ginas!<br>Mais de 1.200 posts!<br>Cr\u00edticas da Cr\u00edtica e do P\u00fablico!<br>Apenas 175 downloads dispon\u00edveis!<br>PosTistas odiaram, mas leram. N\u00e3o garanto que entenderam!<br>Coisistas repudiaram sem ler. J\u00e1 era de se esperar!<\/h3>\n<div class=\"wp-block-image\"><figure class=\"aligncenter is-resized\"><img fetchpriority=\"high\" decoding=\"async\" data-attachment-id=\"90374\" data-permalink=\"https:\/\/k01.com.br\/index.php\/hm-fb-2018\/hm_fb_2018\/#main\" data-orig-file=\"https:\/\/k01.com.br\/wp-content\/uploads\/2018\/12\/hm_fb_2018.png\" data-orig-size=\"656,882\" data-comments-opened=\"1\" data-image-meta=\"{&quot;aperture&quot;:&quot;0&quot;,&quot;credit&quot;:&quot;&quot;,&quot;camera&quot;:&quot;&quot;,&quot;caption&quot;:&quot;&quot;,&quot;created_timestamp&quot;:&quot;0&quot;,&quot;copyright&quot;:&quot;&quot;,&quot;focal_length&quot;:&quot;0&quot;,&quot;iso&quot;:&quot;0&quot;,&quot;shutter_speed&quot;:&quot;0&quot;,&quot;title&quot;:&quot;&quot;,&quot;orientation&quot;:&quot;0&quot;}\" data-image-title=\"hm_fb_2018\" data-image-description=\"\" data-image-caption=\"\" data-large-file=\"https:\/\/k01.com.br\/wp-content\/uploads\/2018\/12\/hm_fb_2018.png\" src=\"http:\/\/k01.com.br\/wp-content\/uploads\/2018\/12\/hm_fb_2018.png\" alt=\"\" class=\"wp-image-90374\" width=\"376\" height=\"504\"><\/figure><\/div>\n<h5 class=\"wp-block-heading\" style=\"text-align:left\"><strong>1. O link para baixar o ebook ser\u00e1 enviado para o seu email logo ap\u00f3s enviar seu nome e email<br>2. Certifique-se de digitar um email v\u00e1lido<br>3. Confira suas pastas de SPAM ou Lixo Eletr\u00f4nico caso n\u00e3o receba o link em at\u00e9 2 horas ap\u00f3s a confirma\u00e7\u00e3o de envio dos dados<br>4. Apenas 175 downloads gratuitos dispon\u00edveis, por ordem de cadastro<\/strong><\/h5>\n<p><\/p>","protected":false},"excerpt":{"rendered":"<p>Clique aqui e cadastre-se para receber o ebook em seu emailMais de 450 p\u00e1ginas!Mais de 1.200 posts!Cr\u00edticas da Cr\u00edtica e do P\u00fablico!Apenas 175 downloads dispon\u00edveis!PosTistas odiaram, mas leram. N\u00e3o garanto que entenderam!Coisistas repudiaram sem ler. J\u00e1 era de se esperar! 1. O link para baixar o ebook ser\u00e1 enviado para o seu email logo ap\u00f3s<p class=\"more-link\"><a href=\"https:\/\/k01.com.br\/index.php\/hm-fb-2018\/\" class=\"themebutton2\">READ MORE<\/a><\/p><\/p>","protected":false},"author":1,"featured_media":90374,"parent":0,"menu_order":0,"comment_status":"closed","ping_status":"closed","template":"","meta":{"__cvm_playback_settings":[],"__cvm_video_id":"","jetpack_post_was_ever_published":false,"footnotes":""},"class_list":["post-90328","page","type-page","status-publish","has-post-thumbnail","hentry"],"jetpack_sharing_enabled":true,"jetpack_shortlink":"https:\/\/wp.me\/P7fKy0-nuU","jetpack-related-posts":[],"jetpack_likes_enabled":false,"_links":{"self":[{"href":"https:\/\/k01.com.br\/index.php\/wp-json\/wp\/v2\/pages\/90328","targetHints":{"allow":["GET"]}}],"collection":[{"href":"https:\/\/k01.com.br\/index.php\/wp-json\/wp\/v2\/pages"}],"about":[{"href":"https:\/\/k01.com.br\/index.php\/wp-json\/wp\/v2\/types\/page"}],"author":[{"embeddable":true,"href":"https:\/\/k01.com.br\/index.php\/wp-json\/wp\/v2\/users\/1"}],"replies":[{"embeddable":true,"href":"https:\/\/k01.com.br\/index.php\/wp-json\/wp\/v2\/comments?post=90328"}],"version-history":[{"count":11,"href":"https:\/\/k01.com.br\/index.php\/wp-json\/wp\/v2\/pages\/90328\/revisions"}],"predecessor-version":[{"id":90492,"href":"https:\/\/k01.com.br\/index.php\/wp-json\/wp\/v2\/pages\/90328\/revisions\/90492"}],"wp:featuredmedia":[{"embeddable":true,"href":"https:\/\/k01.com.br\/index.php\/wp-json\/wp\/v2\/media\/90374"}],"wp:attachment":[{"href":"https:\/\/k01.com.br\/index.php\/wp-json\/wp\/v2\/media?parent=90328"}],"curies":[{"name":"wp","href":"https:\/\/api.w.org\/{rel}","templated":true}]}}